 be c(-4). Calculate the highest common factor of i and 69.
23
Let q = -403 + 604. Suppose -q = -4*j + 219. Calculate the highest common factor of 15 and j.
15
Suppose 0 = -4*g + 243 + 17. Suppose 17*v = 3*s + 19*v - 33, -v = 2*s - 23. What is the greatest common divisor of g and s?
13
Let s = 366 + -338. Let b be (-35)/(6/4 - 2). Suppose b = -2*l + 7*l. What is the highest common divisor of s and l?
14
Let d = -41 - 105. Let v = 161 + d. What is the highest common factor of 9 and v?
3
Suppose -5*i + 3*i + 18 = 0. Suppose 2*w + 3 = i. Suppose -5*h + 392 = -w*h. What is the highest common divisor of 28 and h?
28
Let w(b) = 287*b**2 + 6*b + 5. Let u be w(-1). What is the highest common factor of u and 44?
22
Let u(z) = -z**3 + 10*z**2 - 3*z - 22. Let g be u(3). What is the greatest common factor of g and 352?
32
Suppose t - 9 = -1. Let l(m) = m**2 - 6*m - 1. Let a be l(-9). Suppose -5*k + 414 - a = 0. Calculate the greatest common factor of k and t.
8
Let x(c) = c**2 + 5 + 6 - 10 + 4 - 3*c. Let z be x(2). Let m = z + -1. What is the greatest common divisor of m and 2?
2
Let y(p) = -26*p - 24. Let h be y(5). Let b = -127 - h. What is the highest common divisor of 135 and b?
27
Let u = 17 - -7. Let i be (-13 - -10)/((-1)/1). What is the highest common factor of u and i?
3
Let s = 1 + 81. Suppose 0*o + o = 8. Let x be 4/(-16) + s/o. Calculate the greatest common factor of 2 and x.
2
Let z = 517 + -437. What is the greatest common divisor of 90 and z?
10
Let r be 4218/24 - 1/(-4). Let g(y) = -y**3 - 6*y**2 - 4*y - 8. Let s be g(-6). What is the greatest common factor of s and r?
16
Suppose 3*n - n + 5*h - 45 = 0, -n + 4*h = -55. Suppose 7*o - n = 21. What is the greatest common divisor of o and 8?
8
Let p(u) = u + 10. Let h(z) = -2*z - 20. Let q(s) = 2*h(s) + 5*p(s). Let g be q(-7). Let o be -3 + -3 + g + 83. What is the greatest common factor of o and 20?
20
Suppose 35*j = 683 + 9677. Calculate the highest common factor of 222 and j.
74
Suppose h + 1076 = 1148. Calculate the highest common divisor of h and 600.
24
Let k(x) = 5*x**2 - 123*x - 249. Let b be k(-2). What is the highest common divisor of 391 and b?
17
Let a(l) = 11*l**3 + l**2 - 5*l + 3. Let r be a(1). What is the greatest common factor of 8 and r?
2
Let k = -434 - -737. Suppose -4*u - k = -3. Let g = u + 192. Calculate the highest common factor of 13 and g.
13
Let l = 17 - 14. Suppose 344 = l*c - 223. Calculate the greatest common divisor of c and 27.
27
Let y = 43 + -40. Let h be ((-8)/y)/(-1)*(-4 - -7). Calculate the greatest common divisor of h and 20.
4
Let v = -104 - -59. Let r be (v/(-36))/((-2)/(-24)). Calculate the highest common divisor of 75 and r.
15
Let i(n) = n**3 + 6*n**2 - 5*n - 2. Let m be 3/(-2)*3*16/12. Let p be i(m). Let r = -169 - -309. What is the greatest common divisor of r and p?
28
Let y = 527 + -342. Let f(l) = 3*l + 8*l**2 - 1 - 7*l - 2. Let q be f(-2). What is the greatest common divisor of y and q?
37
Let a = -6 + 183. What is the greatest common factor of 295 and a?
59
Suppose -1 = 2*g + 5. Let m be 27 - -1 - 3 - g. Let w be 2/6 - (-250)/6. Calculate the highest common divisor of w and m.
14
Let y be (-2)/10 - 87/15. Let q be (6/(-10))/(y/330). Suppose -2*d = -31 - q. What is the highest common divisor of 160 and d?
32
Let o = 79 + 5. What is the greatest common factor of 266 and o?
14
Suppose 2*u = 26 - 4. Let o(f) = f**2 + 6*f + 6. Let s = 21 - 30. Let j be o(s). Calculate the greatest common divisor of u and j.
11
Let u(z) = z**2 + 10*z - 15. Let r be u(-12). Let b be 33/5 + r/(-15). Suppose 0*j + 4*j - 24 = 0. What is the highest common factor of j and b?
6
Let l(n) = -6 - 4 - 4*n + 0 + 9 + 3*n**2. Let x be (3 + 0)*(-16)/12. Let m be l(x). Calculate the greatest common divisor of m and 21.
21
Suppose 3*p - 10 = 5*p. Let t = 10 + p. Let b be (10 - 4)/((-3)/(-20)). Calculate the highest common divisor of t and b.
5
Let i be (-6)/33 - (-10)/55. Suppose i = 2*b + 5*l - 5 + 16, 3*l = 2*b + 35. Let g = 25 + b. Calculate the greatest common factor of g and 96.
12
Let p(v) = v**2 + v + 25. Let o be p(0). Let t(n) = -n + 224. Let w be t(-51). What is the greatest common factor of o and w?
25
Suppose -2*u = -5*u + 72. Suppose -3*j + 3*g + u + 9 = 0, 0 = -2*j - 5*g + 50. Calculate the greatest common factor of 10 and j.
5
Suppose 30*z + 13 = 31*z. Let c(u) = -u**3 + 8*u**2 - 6*u + 3. Suppose 0*q - 18 = -3*q. Let g be c(q). What is the greatest common factor of z and g?
13
Suppose -b + 114 + 139 = 0. Let f(z) = 23*z**2 + 454*z - 454. Let n be f(1). Calculate the highest common divisor of n and b.
23
Suppose -x + 63 = 4*j - 0*j, -2*j - x + 33 = 0. Let w = -34 - -94. What is the greatest common divisor of w and j?
15
Let m be (-162)/(-10) - (-1)/(-5). Suppose 0 = -3*p + m + 194. Let s = 37 + -23. Calculate the highest common factor of p and s.
14
Let q = 1304 - 1266. What is the highest common factor of 456 and q?
38
Let j be ((-2)/(-6))/(1/93). Let q = 39 - 34. Suppose 244 + j = q*w. Calculate the greatest common factor of w and 11.
11
Let f = -185 + 255. Calculate the greatest common factor of f and 10.
10
Let z be ((-72)/27)/((-4)/(-6) + 0). Suppose 0 = 5*f - 25, 2*a - 7*a = -f + 160. Let u = z - a. Calculate the greatest common factor of 18 and u.
9
Let v(c) = -3*c - 1. Let j be v(8). Let i = j - -43. What is the greatest common factor of 63 and i?
9
Let i(o) = o**2 - 9*o - 15. Let j be i(11). Suppose -b = -4*s - 1, j = b + s + s. What is the highest common divisor of b and 5?
5
Suppose 4*d = g - 5 - 37, -4*d = -3*g + 126. Calculate the greatest common factor of 525 and g.
21
Let r = 184 - 92. Suppose r*y - 95*y + 378 = 0. What is the highest common factor of 18 and y?
18
Suppose 4*s + 7 = 5*j - 33, 4*j + 2*s - 32 = 0. What is the highest common factor of 72 and j?
8
Let u(s) = -20*s**2 - 26*s + 44. Let a(c) = -4*c**2 - 5*c + 9. Let d(y) = -16*a(y) + 3*u(y). Let g be d(5). What is the greatest common divisor of 14 and g?
14
Let p(b) = -b**3 + 23*b**2 - 24*b + 55. Let t be p(22). Calculate the greatest common divisor of 11 and t.
11
Let m(d) = 2*d**2 + 12*d + 18. Let u be m(-9). Suppose -52*k = -48*k - u. What is the highest common factor of 6 and k?
6
Suppose 6 = -7*m + 356. Calculate the highest common divisor of m and 20.
10
Let z be (48/15)/(8/100). Suppose -3*p = 12*p - 120. What is the greatest common factor of p and z?
8
Suppose 4*z = -4*a + 296, 0*z - 272 = -4*a + 2*z. Suppose -3*n = 0, -5*t - 2*n = -3*n - a. Calculate the greatest common divisor of 77 and t.
7
Suppose -l + 4*y = -313, -y = l - 306 - 2. Suppose -216 = -3*f + l. Calculate the highest common factor of 35 and f.
35
Suppose -18 = -w + 17. Let d(y) = 5*y - 25. Let v be d(7). What is the greatest common factor of w and v?
5
Let h be (-1)/((-3)/(-39)) + -1. Let r = h - -19. Let p = 7 - r. Calculate the highest common factor of p and 10.
2
Let w = 1274 + -1268. Suppose 2*l = 2 + 16. Calculate the greatest common factor of l and w.
3
Let x(b) = 33*b**2 + 9*b - 2. Let l be x(1). What is the greatest common divisor of l and 160?
40
Let m be (-2)/(-8) - (-524)/16. What is the highest common factor of m and 3?
3
Suppose -174*g + 10272 = -67*g. Suppose b + 4*b - 60 = 0. Calculate the greatest common factor of g and b.
12
Let m be ((-6)/(-9))/((-1)/(-51)). Let u = m - 21. Let g = -154 - -258. Calculate the greatest common factor of u and g.
13
Let q be ((-4)/6)/(1/(-27)). Let o be (-1)/2*(17 + -18)*46. Let r = o + -17. What is the greatest common divisor of r and q?
6
Let q be 24/9*-4*3. Suppose 2*l - 63 = -x + 74, x - 5 = 0. Let g = l + q. What is the greatest common divisor of g and 51?
17
Let l = 94 + 210. Let x = -356 + 372. What is the highest common divisor of x and l?
16
Suppose 23*v = 9*v + 112. Suppose j = -5*u - 8, -5*j - v*u + 12*u = -76. Calculate the greatest common factor of j and 6.
6
Let v be 14*((-42)/4)/7. Let t be 10/55 + (-18)/(-22). Let w be (1/t)/((-3)/v). Calculate the greatest common factor of w and 1.
1
Suppose s = -2*h + 17, -5*s + 4 + 1 = 0. Let z = h - 6. Suppose 4*u = 5*u - 2. Calculate the highest common divisor of z and u.
2
Suppose 56*r - 368 = 33*r. Suppose 0 = -2*u + 7*u - 80. Calculate the highest common factor of r and u.
16
Suppose 3*y + 20 + 22 = 0. Let d be ((